ose -6*d + g = -4*d. Is d composite?
False
Let k(f) = f**2 + 4*f - 2. Let a be k(-4). Let w(s) = 39*s**2 - 1. Is w(a) prime?
False
Let n be 8/20 - (-36)/10. Suppose -n*x + 10 = -2. Is x a prime number?
True
Let k(x) = 34*x**2 - 2*x - 2. Let r be k(-2). Suppose 3*b = 4*s + b - r, 5*b = 5*s - 170. Is s composite?
True
Suppose 4*n - 6*n + 180 = 0. Suppose 2*v - 4*a = -0*a + n, 0 = -3*v + 3*a + 123. Is v a composite number?
False
Let w(d) = -2*d - 6. Let p be w(-4). Suppose 8 + p = 5*r. Suppose a = r*a - 47. Is a a prime number?
True
Let l be (-4)/(-14) + (-44)/7. Let m = 8 + -5. Is 2/m + (-134)/l a prime number?
True
Let j = 770 + -68. Suppose -f + 5*i = -j, i = f - 864 + 158. Is f composite?
True
Let u be (-2 - -1)/(1/(-4)). Suppose -678 = -2*y - u*y. Is y composite?
False
Let z = 19 - 11. Is (z/(-10))/(2/(-95)) a prime number?
False
Let y(k) = -9*k + 38. Is y(-17) a composite number?
False
Suppose t - 53 = 141. Is t a prime number?
False
Let q = 89 - 36. Is q a prime number?
True
Let d(s) = -s + 60*s - 6 + 5*s. Let n be d(-5). Let b = n - -517. Is b composite?
False
Suppose 3*v - 6*v + 3027 = 3*w, 2*w + 1000 = v. Is v composite?
True
Let u = 14 - 7. Let y = 9 - u. Is (-6)/8*(-10 + y) a prime number?
False
Let c(k) = 26*k - 15. Is c(4) prime?
True
Let f(k) = 4*k**2 - 5*k + 3. Suppose 2*p + 12 = 5*p. Let t be f(p). Suppose -23 = -2*b + t. Is b prime?
False
Let z = 581 - -2618. Is z composite?
True
Let y = 9 - 6. Suppose -4*s - y*z + 19 = 0, 4*s + 4*z = 16 + 4. Is s composite?
True
Let x(z) = -z + 9. Let o be x(10). Let h be o + 3/(-6)*-2. Suppose 4*y - 148 = -h*y. Is y prime?
True
Let r(u) = -65*u - 6. Is r(-5) a prime number?
False
Is 1494/12 - (-3)/(-2) composite?
True
Suppose -2 - 3 = 4*y - n, 5*n = -3*y + 2. Is (-3*281 + y)/(-2) a composite number?
True
Let y = -8 - -7. Is (-261)/(-6)*(1 - y) prime?
False
Let r be (-6)/8 - 822/(-8). Suppose -29 + 274 = -5*s. Let g = r + s. Is g composite?
False
Let g = 11 + -17. Is (-1 - g)*143/55 prime?
True
Suppose -5870 = -6*b + b. Is b prime?
False
Let o = 225 - 98. Is o a composite number?
False
Let h(q) = 4*q - 3*q - q**3 - 4*q + 0*q**3 + 6*q**2 - 4. Is h(3) a prime number?
False
Let y = 140 - 63. Is y a prime number?
False
Let f be (-2)/1 + 4 - -1. Suppose 232 = -f*i + 7*i. Is i composite?
True
Let h(z) = z**3 + z**2 - 3*z - 3. Let x be h(-2). Is x*(0 + -365 + -2) a prime number?
True
Let y = 1 - 1. Suppose -w + 2*w = y. Suppose a - 15 = -w*a. Is a a composite number?
True
Suppose -17590 = -23*z + 13*z. Is z prime?
True
Suppose 2*d + 2*d = 92. Is d prime?
True
Let x = -18 - -58. Let o = 39 + x. Is o prime?
True
Let a(l) = 2*l**3 - 1. Suppose -2*d - 3 = -2*t - d, 3*d + 1 = 2*t. Is a(t) a prime number?
False
Suppose -4*d = 2*d - 738. Let r = -66 + d. Is r composite?
True
Let a = 448 + 1375. Is a composite?
False
Suppose 5*g - 2*g + 3*t - 708 = 0, t = -2*g + 473. Is g a prime number?
False
Suppose -1924 = 2*i - 5438. Is i prime?
False
Let m(f) = f**3 + 9*f**2 - 9*f - 16. Is m(-7) prime?
False
Suppose -2*l + a + 316 = 0, 0*a - 630 = -4*l + a. Is l/(-1 - (1 - 3)) a composite number?
False
Suppose -g = -b + 2*b - 8, -3*b = -2*g - 14. Is b a prime number?
False
Let x = 820 + -475. Suppose 0 = 3*p + 5*o - 260, -4*p + 3*o = 8*o - x. Is p a composite number?
True
Let a(p) = 5*p - 6*p + 3 + 5*p**2 - 2*p**2. Let x = -1 - -5. Is a(x) a composite number?
False
Let l(f) = 51*f - 5*f + 1 + 0. Is l(1) composite?
False
Suppose 27 - 77 = -2*t. Is t a prime number?
False
Suppose -978 = -2*i + 316. Is i prime?
True
Is (-1 - -3)/((-24)/(-1236)) prime?
True
Let y = 160 - -171. Is y composite?
False
Let c = -102 + 154. Let z = -4 + c. Let g = 71 - z. Is g composite?
False
Suppose -8 = -5*m + 7. Is 5 + -2 - (-37 + m) composite?
False
Let z be (0*(-3 + 2))/1. Suppose i - 2 = -z*i. Suppose -63 = -i*d - d. Is d a prime number?
False
Suppose -2*a + 2*j + 4 = 0, -5*a + 7*j - 4*j = -16. Let q be 28/20 - 2/a. Is 2 + 1 + -1 + q prime?
True
Suppose -3*f - j = -4*f - 19, -2*f + 3*j = 41. Let x = f + 35. Let z = x - 9. Is z composite?
True
Suppose 5*c - 440 - 3790 = 0. Suppose -7*z + 3*z - 1059 = -5*p, 4*p - 2*z = c. Is p prime?
True
Let b(v) = -v**3 - 2*v**2 + 4*v + 1. Let p be b(-4). Suppose 3*g = -3*c + 108, -c - 10 - 34 = -g. Let u = g - p. Is u a composite number?
False
Suppose d = -13*d + 14. Let c(h) be the third derivative of 4*h**6/5 - h**5/30 + h**4/24 - h**2. Is c(d) a prime number?
False
Is ((-5)/((-75)/(-222)))/((-6)/15) a prime number?
True
Suppose 2*i = -0*i + 278. Let p = -62 + i. Is p a prime number?
False
Suppose 41 = -5*g + 11. Let i = g - -6. Suppose 3*n - 103 - 56 = i. Is n composite?
False
Suppose -2*w = -3 - 1. Suppose w*c = 4*c + 20. Let s = -3 - c. Is s prime?
True
Let i(z) = -223*z + 8. Let y be i(3). Let x = 992 + y. Is x prime?
True
Suppose -4*f + 3*f = -4*d + 1670, 5*d - 2081 = -2*f. Is d prime?
False
Suppose 26 = a - d, a - 21 = -4*d - 0. Suppose 0*t = 5*t - 10. Suppose 0 = -5*g + a, -5*v + t*g + 140 = -g. Is v a prime number?
True
Let i(f) = -105*f - 20. Let x(o) = 211*o + 41. Let j(v) = 7*i(v) + 3*x(v). Is j(-5) a composite number?
True
Suppose 4*c = -5*j + 12436, -5*c + 4*c + 3109 = -5*j. Is c prime?
True
Suppose 0 = -0*q + 3*q - 597. Is q a composite number?
False
Let l = 30 - 80. Is -4*1 + 1 - l prime?
True
Let j = 3 - 0. Suppose 0 = -j*t + 39 + 15. Suppose 3*x + 81 = 5*a, -x = 5*a - t - 55. Is a prime?
False
Let a = 84 - -43. Is a prime?
True
Let n(m) = 4*m - 1 + 3*m**2 - 8*m + 6*m + 4*m. Is n(6) composite?
True
Suppose -11*g - 124 = -15*g. Is g prime?
True
Let x(h) = h**2 - 9*h - 8. Let r be x(10). Suppose 0 = r*y + 3*y + 10. Is (y/6)/(5/(-105)) composite?
False
Let d = 1 + 1. Is 0 - (2/d + -164) a composite number?
False
Suppose -n = 2*j - 7, j - 3*n - 4 = 2*j. Let y = 1 + 1. Suppose -5*q + y*q - 269 = -4*z, 345 = j*z - 2*q. Is z prime?
True
Let c = -838 - -3617. Is c a prime number?
False
Suppose -k = -5*k + 32. Suppose 5*h - k = 2*v, -h = -3*v + v + 8. Is v prime?
False
Let x(k) = 5*k**2 - 1. Let q be x(-1). Suppose -3*w - q = w. Is (w - (1 - 1))*-6 composite?
True
Suppose 3*v + 2*v - 20 = 0. Let a(w) = 6*w**2 - 3*w - 1. Let z be a(v). Suppose -5*k - 4*t - z = -264, 5*k = 4*t + 189. Is k a prime number?
True
Let c(q) = -9*q**3 + 12*q**2 + 5*q - 16. Let g(l) = -4*l**3 + 6*l**2 + 2*l - 8. Let x(n) = 3*c(n) - 7*g(n). Is x(6) a composite number?
True
Suppose 2*d - 10 = 8. Let y(j) = 6*j**3 - 8*j**2 - 15*j - 4. Let h(m) = 5*m**3 - 8*m**2 - 14*m - 4. Let n(p) = -5*h(p) + 4*y(p). Is n(d) prime?
True
Suppose -4*x + 1237 + 1659 = 0. Let c = 1469 - x. Is c a composite number?
True
Suppose -7*g = -12*g + 3935. Is g composite?
False
Let w(u) = u**2 + 4*u + 11. Let t be w(-8). Let l(a) = 11*a - 2. Let n be l(-2). Let o = n + t. Is o composite?
False
Let l(n) = n**3 - 16*n**2 + n + 1. Is l(17) prime?
True
Suppose -100 = 2*d + 3*d. Is 5/d - 8458/(-8) a composite number?
True
Is 18/45 + (-1533)/(-5) a composite number?
False
Suppose 0 = -s + 2, x = 3*s - 2 - 2. Suppose 2*h - h - 1 = 0. Let u = h + x. Is u prime?
True
Let s = 2131 - 530. Is s a composite number?
False
Let d be -8 + 79 + 1*3. Suppose 0 = 2*a - 4*a + d. Is a a prime number?
True
Let q = 88 + -42. Is q prime?
False
Suppose -7 + 33 = -2*k + 2*x, -4*k = 2*x + 28. Is 470/6 + (-6)/k composite?
False
Let x(w) = -w**2 + 9*w + 1. Let s be x(5). Suppose -4*h - f = -101, -5*f + f - s = -h. Is ((0 - 1)*h)/(-1) a prime number?
False
Suppose -2*u - u = -6. Suppose -u*w = -3*w - 54. Let k = -17 - w. Is k a composite number?
False
Let n(z) be the second derivative of z**5/20 + 11*z**4/12 + 5*z**3/6 + 5*z**2 - 2*z. Let g be n(-10). Let b = g - 38. Is b composite?
True
Let r be (-2)/(-1)*1 + -2. Suppose -201 = -v + 4*g, -v + r*g = -2*g - 203. Is v a prime number?
False
Let i = -13 + 6. Let o = 12 + i. Suppose -6*j + 2*j + o*p + 819 = 0, -3*p - 407 = -2*j. Is j a prime number?
True
Let c(t) = -3*t**3 - 3*t**2 + 5*t + 3. Suppose 0 = 5*n - 2*n. Suppose n*y = y + 4. Is c(y) a composite number?
False
Suppose -2*x = -4*c - 42, c = -2*x + 4*x - 33. Let u = x + -11. Suppose 5*r = -h + 256, u*h - 5*r + 4*r = 1003. Is h a prime number?
True
Let c(v) = -v**2 - 9*v + 3. Let l be c(-9). Suppose -15 + 297 = l*w. Is w a prime number?
False
Suppose -3*l = -z - 6, 2 = 4*z - 2*l 